at is the units digit of 881979?
9
What is the ten thousands digit of 111856?
1
What is the units digit of 214106?
6
What is the millions digit of 3134794?
3
What is the tens digit of 792435?
3
What is the ten thousands digit of 248372?
4
What is the units digit of 1041571?
1
What is the hundred thousands digit of 33501663?
5
What is the ten thousands digit of 151854?
5
What is the hundreds digit of 474174?
1
What is the units digit of 361740?
0
What is the tens digit of 8432113?
1
What is the units digit of 191562?
2
What is the thousands digit of 4301710?
1
What is the hundreds digit of 186308?
3
What is the tens digit of 421499?
9
What is the ten thousands digit of 731615?
3
What is the units digit of 8167897?
7
What is the units digit of 10486345?
5
What is the units digit of 98538?
8
What is the tens digit of 9274169?
6
What is the millions digit of 11134742?
1
What is the hundreds digit of 2118480?
4
What is the units digit of 29490147?
7
What is the hundreds digit of 176845?
8
What is the ten thousands digit of 1329309?
2
What is the millions digit of 21598118?
1
What is the thousands digit of 61301?
1
What is the hundred thousands digit of 103224?
1
What is the tens digit of 4583135?
3
What is the millions digit of 1237232?
1
What is the tens digit of 1466399?
9
What is the thousands digit of 51899?
1
What is the units digit of 10466442?
2
What is the hundreds digit of 2328181?
1
What is the thousands digit of 422009?
2
What is the ten thousands digit of 8450265?
5
What is the ten thousands digit of 1713948?
1
What is the thousands digit of 1969427?
9
What is the hundred thousands digit of 279966?
2
What is the units digit of 4534334?
4
What is the tens digit of 239014?
1
What is the millions digit of 6713290?
6
What is the thousands digit of 225810?
5
What is the hundreds digit of 3723041?
0
What is the hundred thousands digit of 945151?
9
What is the hundred thousands digit of 1417017?
4
What is the ten thousands digit of 231248?
3
What is the hundreds digit of 151646?
6
What is the hundreds digit of 529500?
5
What is the thousands digit of 1038240?
8
What is the millions digit of 2658934?
2
What is the hundreds digit of 13586835?
8
What is the units digit of 340653?
3
What is the hundred thousands digit of 1521579?
5
What is the tens digit of 9230932?
3
What is the hundreds digit of 1867137?
1
What is the units digit of 180971?
1
What is the hundreds digit of 1830801?
8
What is the millions digit of 1181538?
1
What is the hundreds digit of 13043863?
8
What is the units digit of 13836336?
6
What is the ten thousands digit of 165181?
6
What is the thousands digit of 961247?
1
What is the ten thousands digit of 841355?
4
What is the tens digit of 491753?
5
What is the tens digit of 1694547?
4
What is the ten thousands digit of 1219418?
1
What is the millions digit of 2572606?
2
What is the tens digit of 51243?
4
What is the units digit of 156566?
6
What is the units digit of 315911?
1
What is the units digit of 1904363?
3
What is the thousands digit of 24275261?
5
What is the millions digit of 1186281?
1
What is the tens digit of 11648819?
1
What is the tens digit of 278763?
6
What is the hundreds digit of 926065?
0
What is the units digit of 2912656?
6
What is the thousands digit of 199858?
9
What is the ten thousands digit of 2714952?
1
What is the units digit of 1439509?
9
What is the tens digit of 324428?
2
What is the tens digit of 124183?
8
What is the hundred thousands digit of 7669510?
6
What is the units digit of 5099535?
5
What is the thousands digit of 9880886?
0
What is the thousands digit of 216318?
6
What is the hundreds digit of 69698?
6
What is the tens digit of 2659115?
1
What is the tens digit of 289176?
7
What is the thousands digit of 27061914?
1
What is the units digit of 6818972?
2
What is the millions digit of 4120777?
4
What is the thousands digit of 78030?
8
What is the thousands digit of 948081?
8
What is the units digit of 183889?
9
What is the tens digit of 3351037?
3
What is the hundred thousands digit of 6664967?
6
What is the tens digit of 27736557?
5
What is the hundreds digit of 61071?
0
What is the ten thousands digit of 77829?
7
What is the hundred thousands digit of 109593?
1
What is the hundreds digit of 5963?
9
What is the tens digit of 1852939?
3
What is the millions digit of 1096406?
1
What is the thousands digit of 6422072?
2
What is the hundreds digit of 69925?
9
What is the units digit of 13388676?
6
What is the tens digit of 512045?
4
What is the units digit of 695399?
9
What is the hundreds digit of 2183400?
4
What is the millions digit of 19957500?
9
What is the ten thousands digit of 371720?
7
What is the tens digit of 9752720?
2
What is the units digit of 6409020?
0
What is the tens digit of 7210178?
7
What is the hundreds digit of 224019?
0
What is the ten thousands digit of 1003928?
0
What is the ten thousands digit of 581740?
8
What is the thousands digit of 142750?
2
What is the hundred thousands digit of 2501096?
5
What is the units digit of 1106947?
7
What is the tens digit of 5128946?
4
What is the tens digit of 8492785?
8
What is the hundred thousands digit of 1310043?
3
What is the thousands digit of 684506?
4
What is the units digit of 50947?
7
What is the units digit of 721547?
7
What is the units digit of 655009?
9
What is the units digit of 325738?
8
What is the units digit of 463929?
9
What is the hundred thousands digit of 352371?
3
What is the units digit of 646267?
7
What is the hundreds digit of 5276464?
4
What is the units digit of 1424151?
1
What is the thousands digit of 2140327?
0
What is the units digit of 307266?
6
What is the tens digit of 2255424?
2
What is the units digit of 4761428?
8
What is the tens digit of 145018?
1
What is the thousands digit of 235153?
5
What is the hundred thousands digit of 5605211?
6
What is the thousands digit of 4016255?
6
What is the tens digit of 553237?
3
What is the tens digit of 8858359?
5
What is the units digit of 69695?
5
What is the thousands digit of 15679491?
9
What is the tens digit of 10052565?
6
What is the ten thousands digit of 260631?
6
What is the hundreds digit of 1982103?
1
What is the tens digit of 183942?
4
What is the hundred thousands digit of 32273040?
2
What is the ten thousands digit of 307955?
0
What is the hundreds digit of 2312842?
8
What is the hundred thousands digit of 324519?
3
What is the hundreds digit of 25501385?
3
What is the ten thousands digit of 3669557?
6
What is the thousands digit of 294850?
4
What is the thousands digit of 3393184?
3
What is the units digit of 339428?
8
What is the tens digit of 128311?
1
What is the hundreds digit of 329128?
1
What is the millions digit of 3426070?
3
What is the thousands digit of 1193005?
3
What is the units digit of 244967?
7
What is the units digit of 562157?
7
What is the units digit of 146932?
2
What is the hundreds digit of 507079?
0
What is the units digit of 126161?
1
What is the hundreds digit of 4338035?
0
What is the hundreds digit of 50334?
3
What is the hundreds digit of 314485?
4
What is the hundreds digit of 4576?
5
What is the thousands digit of 19093498?
3
What is the thousands digit of 32460232?
0
What is the units digit of 2351664?
4
What is the thousands digit of 7245682?
5
What is the units digit of 83562?
2
What is the millions digit of 16858355?
6
What is the hundreds digit of 62577?
5
What is the thousands digit of 2276922?
6
What is the hundreds digit of 2911774?
7
What is the units digit of 1417825?
5
What is the hundred thousands digit of 796261?
7
What is the units digit of 846455?
5
What is the hundred thousands digit of 158490?
1
What is the millions digit of 7583763?
7
What is the ten thousands digit of 2294152?
9
What is the ten thousands digit of 28435?
2
What is the hundred thousands digit of 4237801?
2
What is the thousands digit of 92083?
2
What is the units digit of 108353?
3
What is the ten thousands digit of 1771965?
7
What is the ten thousands digit of 993428?
9
What is the units digit of 219515?
5
What is the ten thousands digit of 2334069?
3
What is the hundreds digit of 573141?
1
What is the hundred thousands digit of 504340?
5
What is the hundred thousands digit of 4362908?
3
What is the tens digit of 1584